h?
6
Let w be 53/4 + 2/(-8). Suppose 0 = -3*u + 4*o + 4, -u + 0*u + 10 = 3*o. Let t = w + u. What is the units digit of t?
7
Let a be 1 + -2 - (-116 - -3). Let p = -162 + a. What is the units digit of 4/6 + p/(-6)?
9
Let r(q) = -7*q + 213. What is the units digit of r(0)?
3
Let s(m) = -m + 64. Let o be s(0). Suppose 4*g - o = 88. What is the units digit of g?
8
Let p = -5 - -9. Suppose 0 = -p*v + 2*h + 16, 4*v - h - 6 - 10 = 0. Suppose 2*d + 12 = v*d. What is the units digit of d?
6
Let o be (-11)/(-4) + (-2)/(-8). Suppose 112 = o*n + n. What is the units digit of 4/(-14) + 120/n?
4
Let h be ((-8)/(-3))/(6/9). Suppose -41 = -4*s - 3*g + h*g, 2*g = -2. What is the tens digit of s?
1
Suppose -3*o - 2*l = 3*l - 12, -o + 4 = -3*l. Suppose 0 + o = j. What is the units digit of j?
4
Let l = -4 - 4. Let g(j) = 4*j. Let w be g(l). Let k = 45 + w. What is the tens digit of k?
1
Let v = -73 + 50. Let h be 1*(-3 - -1) - v. Suppose 3*d = 9 + h. What is the tens digit of d?
1
Let g(u) = -6*u + 1. Let x be g(-2). Let d = 7 + x. What is the tens digit of d?
2
Suppose -l = -2*l + 4. Suppose -7 = -i - w, l*i - 9 = 2*w + 1. Suppose v - i*j - 7 = -9*j, -v + 6 = 4*j. What is the units digit of v?
2
Let m = 6 - 3. Suppose -4*q + 16 = 4*l, -4 = -l - m*l. What is the units digit of q?
3
Suppose -4*k + 2*w + 124 = 0, -k + 2*w + 28 = -0. What is the tens digit of k?
3
Suppose -5*i = -35 - 105. What is the tens digit of i?
2
Let h(q) = q**3 + 11*q**2 + 10*q + 4. Let r be h(-10). Suppose y - 23 = -5*w, -3*w - r*y = -y - 21. What is the units digit of w?
4
Suppose 2*f - 25 = -3*f. Let d = 8 - f. Suppose -w + 23 = 2*w - j, -4*w + 39 = -d*j. What is the units digit of w?
6
Let i = 336 - 91. What is the hundreds digit of i?
2
Let b be (-6)/(-2) + -1 - 0. Suppose -z - b + 0 = 0. What is the units digit of 17/3 + z/(-6)?
6
Suppose y = -0*r + 3*r - 8, -3*y = 5*r - 32. Suppose 0 = -y*f + 5*i + 23, -4*i - 8 = -f - 2*i. Suppose -2*s - f = -30. What is the units digit of s?
4
Let j(g) = g**3 + 6*g**2 + 3*g - 7. Let c be j(-5). Suppose 5*l = -3*w + 2*w + 29, 2*l = -c*w + 22. What is the units digit of l?
5
Suppose 37 - 8 = p. What is the tens digit of p?
2
Suppose 71 - 261 = -5*g. Let h(u) = -35*u - 4 + g*u + u**2 + 1. What is the units digit of h(-5)?
7
Suppose -u + 7 = -h, -3*u + 0 = -4*h - 26. Let a be 4/6 + (-21)/(-9). Let d = a - u. What is the units digit of d?
1
Let y(v) be the second derivative of -v**2 + 0 - v - 1/6*v**3. What is the units digit of y(-4)?
2
Let l be (-82)/(-10) + (-1)/5. Let c = -2 - -3. Suppose w - c = l. What is the units digit of w?
9
What is the tens digit of 99 - (3 + 0)/(-14 - -13)?
0
Suppose -5*u + 4*v = 10, 5*u + 5 = -v - 5. Let b be (-7)/(-14) + (-5)/u. Suppose -2*w + b*w = 16. What is the tens digit of w?
1
Suppose -4*s - 205 = -3*r + 83, 282 = 3*r - 2*s. What is the units digit of r?
2
Let k = -87 + 236. What is the tens digit of k?
4
Let x be (152/(-6))/((-8)/(-36)). Let z = -80 - x. What is the units digit of z?
4
Suppose r = -4*r - 30. Let m(l) = -l**2 - 9*l + 6. What is the units digit of m(r)?
4
Let c = -3 - -11. Let s = c - -48. What is the units digit of (-10)/(-25) + s/10?
6
Let n be (-2)/4*-4 - -1. Suppose n*x = 192 - 42. Suppose h = -4*h + x. What is the tens digit of h?
1
Suppose 0 = -q + 5 - 0. Suppose -44 = b - q*b. What is the units digit of b?
1
Suppose 4*f - 153 = -2*u + 63, -25 = 5*f. What is the hundreds digit of u?
1
Suppose n = -2*c - 4*n + 30, 4*c = -3*n + 60. Suppose 0 = 4*z - 39 + c. What is the units digit of z?
6
Suppose 4*q = -q + 15. What is the units digit of (-32)/6*q/(-2)?
8
Let u(v) = -4*v - 12. Let a be u(-4). Let j = 4 - 2. Suppose -2*r + a*t + j = -12, -3*t - 14 = -2*r. What is the units digit of r?
7
Suppose 0 = -j - f - 7 + 18, -2*j + 26 = 4*f. Let o be (-39)/(-12) + (-1)/4. Suppose -t - 28 = -o*a - j, 5*t + 15 = -a. What is the units digit of a?
5
Suppose 0 = 4*t + g - 47, 3*t - 5*g - 17 = 1. What is the units digit of t?
1
Let u = 2 - -6. What is the units digit of u?
8
Let o(x) = -x**2 - 6*x - 6. What is the units digit of o(-4)?
2
Let b = 19 - 15. Suppose 3*q - l = -q + 27, -3*q - b*l + 44 = 0. What is the units digit of q?
8
Suppose 5*s = s + 2*b + 4, 0 = -4*s - 5*b - 24. Let t(i) = 15*i**3 + i. Let g be t(s). Let y = g - -26. What is the units digit of y?
0
Suppose -2*v = 4*z - 46, -2*z + 2 + 16 = 2*v. What is the units digit of z?
4
Let w = -142 - -269. What is the tens digit of w?
2
Suppose 111 = 2*b - 6*i + i, 0 = -4*b - 5*i + 267. Suppose 0 = -2*g - g + b. What is the units digit of g?
1
Let v be (-6)/(-5)*20/6. Suppose 2*m - 17 = -j, 3*j + v*m + 0*m - 59 = 0. Suppose 0 = -5*k - 10 + j. What is the units digit of k?
3
Let x(u) = -6*u + 1. Let v be x(-5). Suppose 0 = 5*k - v - 9. What is the units digit of k?
8
What is the units digit of 12 - 10 - -2*14?
0
Let v = 83 - 45. What is the tens digit of v?
3
What is the tens digit of (-1872)/(-15) + -4 - (-1)/5?
2
Suppose 3*t - 43 = -4*c - 0*t, 2*c + 4*t - 14 = 0. Suppose 1 - c = -3*z. What is the units digit of z?
4
Let n = 9 + -7. What is the units digit of n?
2
Suppose -6*j + 76 = -2*j. What is the tens digit of j?
1
Suppose -508 = -6*i + 8. What is the tens digit of i?
8
Let j = 6 + -4. Let s = 2 - j. Suppose s = -5*m + 3*q + 41, -7*q = 5*m - 2*q - 65. What is the units digit of m?
0
Suppose -f + 2 = -1. Suppose -g + 16 = f*g. Suppose g*c = 3*c + 7. What is the units digit of c?
7
Let r(j) be the first derivative of -j**2 + 6*j - 2. Let i be r(5). What is the units digit of (i/(-10))/(1/5)?
2
Let n be (18/15)/((-6)/(-20)). Suppose -55 = -n*p + 41. What is the units digit of p?
4
Suppose -498 = 17*k - 19*k. What is the tens digit of k?
4
Suppose -1841 = -4*w - 405. What is the hundreds digit of w?
3
Let z = -22 - -56. What is the tens digit of z?
3
Let a(v) = -4*v + 2. Let o be a(-8). Suppose 5*q - f = -0*f + o, 0 = 2*q - 4*f - 10. What is the units digit of q?
7
Suppose 0 = -4*j + 5*j - 8. Suppose 0 = 3*k - j*k + 40. Suppose 0*v - k = -v. What is the units digit of v?
8
Let j(p) = -p**3 + 8*p**2 + 4*p + 4. Let k be j(8). Let u = -26 + k. Let z = -4 + u. What is the units digit of z?
6
Suppose -y - 5*o = y - 3, 2*o = -4*y + 14. What is the units digit of y?
4
Let l(s) = -s**3 + 3*s - 1. Let r be l(2). Let t be (r + 4)*10 - 2. Let z = t + -7. What is the units digit of z?
1
Let g(o) = 14*o - 5. What is the tens digit of g(3)?
3
Let a(u) = -u**2 + 5*u + 1. Let w be (2 - 1)/(3/15). Let q be a(w). Suppose 6 + q = t. What is the units digit of t?
7
Let n(o) = -o + 3. Let x be n(4). What is the units digit of (x + 12)*(-1 + 2)?
1
Let a(l) = -9*l - 11. What is the tens digit of a(-12)?
9
Let j(s) = 6*s + 4. What is the tens digit of j(3)?
2
Suppose 5*b - 4 - 41 = 0. Let j = b - 20. Let n = j - -19. What is the units digit of n?
8
Let n(c) = -c**3 - 3*c**2 + 4*c + 1. Suppose 28 = -5*h + 8. What is the units digit of n(h)?
1
Suppose 15 = -4*r - 9. Let s = 2 + r. Let h = -3 - s. What is the units digit of h?
1
Suppose 0 = 3*v - 9. Suppose -v*l - 3*m + 9 = -33, 4*m = 3*l - 21. What is the tens digit of l?
1
Let y be (3/(-9))/((-3)/36). Suppose 3*f - 2*p = 71, -y*f - 4*p + 64 = p. What is the units digit of f?
1
Let s(n) = n**3 + 10*n**2 + 6*n - 11. Suppose -36 = 4*b - 0. What is the tens digit of s(b)?
1
Let b(f) = 6*f**2 - 7*f - 10. What is the hundreds digit of b(-4)?
1
Suppose 5*p + 16 = -4. Let k be -12*((-20)/8 - -2). Let y = k + p. What is the units digit of y?
2
Let q = 1 + 1. Suppose 3*p - 5*v + 23 = 0, -q*p - 22 = -0*p - 5*v. Let c(x) = -8*x - 1. What is the units digit of c(p)?
7
Suppose 5*q + 7 = -118. What is the tens digit of (5 - 2) + (4 - q)?
3
Suppose 0 = 6*x - 3*x - 33. What is the units digit of x?
1
Let j = 457 + -297. Suppose j = -2*r - 0*r. What is the units digit of r/(-6)*(-42)/(-35)?
6
Suppose 0 = -3*o + 7*o + 28. Let t = o - -13. What is the units digit of t?
6
Let w(l) be the second derivative of -l**5/20 + l**4/4 + l**3/2 + 2*l**2 - l. What is the units digit of w(3)?
3
Let a(s) = 6*s**2 - 6*s + 4. What is the units digit of a(-3)?
6
Let w(r) = r**2 + 15*r + 6. Suppose 39 + 36 = -5*m. What is the units digit of w(m)?
6
Suppose 1 + 3 = -2*k. Let v be (-1)/(k/6) + 1. Suppose -2*n = -v - 6. What is the units digit of n?
5
Let n(g) = 13